i + 615 = 0. Is h a prime number?
False
Let x = -372 - -563. Is x composite?
False
Let t(r) = -r**3 + 3*r**2 + 18*r - 7. Let f(p) = -3*p**3 + 10*p**2 + 53*p - 22. Let n(l) = -4*f(l) + 11*t(l). Is n(9) composite?
False
Suppose -19 = -5*r + 21. Suppose 5*f - 4*v = -2*v + 1001, 4*v - r = 0. Is f a prime number?
False
Let o(a) = 7*a**3 - 3*a**2 - 5. Is o(4) a composite number?
True
Suppose 4*a + 40 = 2*c, -2*c + 5*a + 16 = -26. Suppose 2*i - 5*b = 34, -3*i - 3 = 2*b - c. Is i a composite number?
False
Suppose h + 3*p - 10 = 4*p, 0 = h - 4*p - 19. Is h a prime number?
True
Suppose -351 = -4*v - k + 2320, 2*v - 5*k - 1363 = 0. Is v a composite number?
True
Let k = 1718 - 889. Is k composite?
False
Suppose -4*s - 16 = -4*i, 2*i - s - 5 = -0*i. Is 1 + i + 14 + 21 composite?
False
Let j = -36 - -59. Is j a composite number?
False
Let d be 20/8*2 + -2. Suppose -5*f = -d*f - 14. Is f a composite number?
False
Let b be (-3)/(3/(-1)) + 1. Suppose 8 = -4*w, -4*w - w = -b*z + 36. Let g = z + -7. Is g prime?
False
Let z(j) be the third derivative of 101*j**4/24 + j**3/6 - 3*j**2. Let p be z(1). Suppose -o + p = o. Is o composite?
True
Suppose 5*l - 698 + 33 = 0. Is l prime?
False
Let g = -97 - -34. Let m = 182 + g. Is m a prime number?
False
Let v(y) = -10*y - 4 + 1 - 2*y. Is v(-3) composite?
True
Let u(c) = -2*c + 21. Is u(-15) composite?
True
Suppose -2*c + 6 = -0*c. Suppose -k = -3, c*k + 606 = 3*h - 0*k. Let o = -126 + h. Is o a prime number?
True
Suppose 3*a = -3*i - 3, 14 = 4*i - 0*a - 2*a. Let n be (-542)/(-14) - i/(-7). Suppose 0*g = -r - g + n, 119 = 3*r + 4*g. Is r a composite number?
False
Let q = 5 - 9. Let a = 7 - q. Is a prime?
True
Let u(j) = -j**3 - 6*j**2 + 10*j + 3. Let g be 0/2 + -1 + -6. Let l be u(g). Is 2/(-9) - 922/l composite?
True
Is (-19)/57 - 5120/(-6) a composite number?
False
Suppose 164 = 2*n + k - 11, 3*n - 5*k - 282 = 0. Suppose -3*g + n = -82. Is g composite?
True
Suppose -3*f - 2*q + 1651 = -7*q, -3*q = -3*f + 1647. Is f prime?
True
Let x be 2*(-3)/(-6) + 1. Suppose -5*t = -x*t - 669. Is t a prime number?
True
Let l(r) be the third derivative of r**6/120 - 3*r**5/20 - 5*r**4/12 + 5*r**3/3 - 4*r**2. Is l(10) prime?
False
Let c(b) = 54*b - 39. Is c(15) a prime number?
False
Suppose 0 = -m + 70 + 23. Suppose j = d + m - 36, d - 53 = -j. Is j a composite number?
True
Suppose l - 1025 = -304. Is l prime?
False
Let p(w) = 17*w**2 + w - 1. Let f be p(2). Suppose -160 = 2*l - 7*l. Let y = f - l. Is y prime?
True
Suppose -1114 = 4*c - 62. Let p = c - -730. Is p a prime number?
True
Suppose 2*a = 2, 7*o - 2*o + 582 = -3*a. Let j = -64 - o. Is j composite?
False
Is -5 + 891 + (1 - -2) a composite number?
True
Let r be (310/(-15))/(1/(-36)). Suppose 4*w - r = w. Suppose -w - 62 = -2*s. Is s a composite number?
True
Suppose 0 = 3*r + 2*r - 20. Let h(n) = -r - 5*n + 20*n + 3. Is h(1) a composite number?
True
Let q = 17 - 26. Let z(h) = 3*h**2 + 9*h - 2. Let r be z(q). Let j = r - -1. Is j a prime number?
False
Let u = -13 + 19. Is 4/u*3438/12 prime?
True
Let a be 4 - ((3 - 6) + 4). Suppose a*i = -4*o + 109, -16 = -7*o + 3*o. Is i a prime number?
True
Suppose -2*a = -4*l - 118, 4*l - 159 = -3*a + l. Is a a prime number?
False
Let m be -1 + -1 + 4*-8. Let v(a) = 9*a**2 - 2*a - 4. Let o be v(3). Let p = m + o. Is p a composite number?
False
Is ((-331)/(-3))/((-9)/(-27)) a prime number?
True
Let v = 244 + -7. Is v a composite number?
True
Suppose 2*f = -f + 1386. Suppose -f = -4*x - 2*x. Is x a prime number?
False
Let z(o) be the third derivative of 1/60*o**5 + 0*o + o**2 - 7/6*o**3 + 0 - 1/6*o**4. Is z(-6) a composite number?
False
Suppose -5 = -4*j - 1, 5*k + 103 = 3*j. Is (-178)/2*k/20 a prime number?
True
Suppose -90 - 57 = -3*f. Is f composite?
True
Suppose 5*s + 9 = 4*s. Let f(r) = 2*r**2 + 12*r + 1. Is f(s) composite?
True
Suppose 33 = 5*d - 7. Suppose -d*s = -4*s - 1484. Is s prime?
False
Suppose 0 = 3*p - 2*s + 6*s - 243, -2*p + 185 = -5*s. Let k be (-1)/(-3) - 107/(-3). Let v = k + p. Is v a prime number?
False
Suppose 0 = -0*a + a - 4*s + 6, 0 = 3*a + 5*s - 33. Let g be a - (2 - (-1)/(-1)). Suppose -g*r - 2*d + 69 = 0, 2*d - 10 = -r - 1. Is r a composite number?
True
Suppose -1384 - 1468 = -4*r. Is r a composite number?
True
Suppose -2*h = h - 12. Let k(x) = x**3 - x**2 + 3. Is k(h) composite?
True
Suppose -2*f = -2*h - 90, 4*f = -4*h + 307 - 119. Suppose -5*o = -7*o + f. Is o a prime number?
True
Suppose -5*r + 2*t = -0*t - 6, 5*r - 8 = t. Suppose 3*k + r = 20. Is k prime?
False
Suppose b - 9 = 4*v, -2*b = -4*v - v - 9. Let y be 0/(1 - (-6)/v). Suppose -f - 77 = -3*w + 3*f, 4*w + f - 90 = y. Is w prime?
True
Is -2 + 89 + (2 - 0) composite?
False
Suppose -2*n = 3*n - 20. Let v(l) be the second derivative of l**5/20 - l**4/3 + 2*l**3/3 + 3*l**2/2 + 8*l. Is v(n) a composite number?
False
Suppose -3*c = -8*c + 70. Let m = c + -11. Is m a composite number?
False
Let o(i) = -1141*i + 5. Is o(-2) a prime number?
True
Let u(a) = a**3 - 4*a**2 - 5*a + 4. Let t be u(5). Suppose 0 = 4*o + t, 2*o = 4*d - 2*d - 24. Is d a composite number?
False
Let a(g) = 9*g**2 + g + 1. Let s be a(-1). Is 41*-7*(8 - s) a composite number?
True
Is (-1 + -2)*(-935)/15 a prime number?
False
Let u be ((-32)/(-24))/(1/21). Suppose -f + 6*f = -s + 20, -3*f - u = -s. Is s a composite number?
True
Suppose 0 = 5*n - 5*a - 200, -2*a = 4*n + a - 188. Suppose 6*y = 2*y + n. Is y a prime number?
True
Suppose -r - 20 = -4*r + 4*t, r + 4*t + 20 = 0. Suppose r = -3*d - 3*m - 0*m + 102, d = m + 36. Is d a composite number?
True
Let l be 22/(-4)*(-3 - -1). Suppose l + 1 = 4*i. Is i composite?
False
Let k = -16 + 17. Is (-3 - k) + 41 - 0 a prime number?
True
Let m = 6 + -7. Is 2/((6/(-141))/m) prime?
True
Suppose 5*y - 3*u = -u, -4*u = y - 22. Suppose 3*t - y*t - 5*c - 1 = 0, -25 = -4*t - c. Is t a composite number?
True
Let o = -8 - -6. Is (-3)/o - (-118)/4 prime?
True
Suppose 2*k - i + 26 - 458 = 0, -5*k + 1079 = -2*i. Is k prime?
False
Let u be (-2)/(-11) + 2803/11. Let j = 52 - u. Let x = 60 - j. Is x prime?
True
Let k be (-24)/(-32) - 106/(-8). Suppose 3*t = 3*m, -4*t - k = 2*m - 44. Is 1/m + 1376/20 a prime number?
False
Let h(t) = -t - 19. Let f(u) = u + 9. Let o(d) = 5*f(d) + 2*h(d). Is o(6) composite?
True
Let k(j) = j**3 + 6*j**2 - 7*j + 2. Let d be k(-7). Suppose -p - d*p = 4*x - 197, -4*x = 5*p - 187. Is x a prime number?
True
Let g(w) = 39*w**3 + 2*w**2 - 3. Let n be g(3). Suppose -3*f = f - n. Suppose 2*z - f = -13. Is z a prime number?
True
Suppose 2*q - 2*a - 3 = 5, -2 = q + 2*a. Suppose -53 = -q*z + 57. Is z a prime number?
False
Let v(l) = l**3 - 4*l**2 + 5*l - 2. Let s be v(4). Suppose 2*b - s = -0*b. Is b a prime number?
False
Let t(r) = 24*r**3 - 2*r**2 - 3*r + 7. Is t(4) a prime number?
True
Let d(m) = 329*m**2. Is d(1) prime?
False
Let g(y) = -9*y**3 - 4*y**2 - 5*y + 5. Let i be g(-5). Let b = i + -676. Is b prime?
True
Let a(q) = 5*q**2 - 17*q - 2. Let j be a(12). Is ((-9)/(-6))/3*j composite?
False
Let p(w) = -179*w - 20. Is p(-11) a prime number?
True
Let d(n) = 15*n**3 + n**2 - 2*n + 2. Let j = 5 + -3. Let b be d(j). Suppose b = -5*z + 517. Is z a composite number?
False
Let g(u) = 8*u**2 - 6*u - 5. Let c be g(-4). Let t be 260/40 + (-1)/2. Is (-2)/(-4) + c/t composite?
True
Let p(s) = 1 - 3*s**3 - 2*s**3 + 4*s**2 + 2*s + 4*s**3. Is p(-3) a prime number?
False
Suppose 5*m - 5*o - 25 = 0, 5*m = -o + 20 + 17. Let n(l) = -10*l - 9 + 0*l**3 + l**3 + m*l**2 + 0*l**2. Is n(-8) a prime number?
True
Suppose 15 = 3*l, 3*a = -0*a - 2*l + 976. Let z = 589 - a. Is z composite?
True
Let r(m) = -m**2 + 11*m - 9. Is r(7) composite?
False
Let l(w) = -w**2 + 4*w + 5. Let n be l(5). Suppose 3*v - 106 = t + 37, v + 3*t - 41 = n. Is v composite?
False
Is 4/(-12) + (-1766)/(-6) + -1 prime?
True
Let z(u) = 538*u - 15. Is z(2) composite?
False
Let d(j) = -69*j - 48. Is d(-9) a composite number?
True
Suppose 2*a = -3*c + 133, 2*c + 48 = a - 36. Suppose 4*g = 3*k + 53, 0 = 3*k - 7*k + 2*g - a. Let x = k - -41. Is x a prime number?
False
Let h be ((-36)/27)/(1/(-3)). Suppose 2*v - 4*i - 148 = 342, h = i. Is v a composite number?
True
Let x be -3 - (-2 + 248)/(-3). Is 1/(2 + (-157)/x) composite?
False
Let l(r) = -327*r + 8. Is l(-5) prime?
False
Let d = -1596 + 3329. Is d 